{"id":417,"date":"2023-12-26T10:09:51","date_gmt":"2023-12-26T09:09:51","guid":{"rendered":"https:\/\/fracas.lescigales.org\/?page_id=417"},"modified":"2024-06-07T14:50:55","modified_gmt":"2024-06-07T12:50:55","slug":"stage-de-cirque","status":"publish","type":"page","link":"http:\/\/fracas.lescigales.org\/?page_id=417","title":{"rendered":"Stage de Cirque"},"content":{"rendered":"\t\t<div data-elementor-type=\"wp-page\" data-elementor-id=\"417\" class=\"elementor elementor-417\" data-elementor-settings=\"[]\">\n\t\t\t\t\t\t\t<div class=\"elementor-section-wrap\">\n\t\t\t\t\t\t\t<section class=\"elementor-section elementor-top-section elementor-element elementor-element-5ec1be7 elementor-section-stretched elementor-section-boxed elementor-section-height-default elementor-section-height-default\" data-id=\"5ec1be7\" data-element_type=\"section\" data-settings=\"{&quot;stretch_section&quot;:&quot;section-stretched&quot;}\">\n\t\t\t\t\t\t<div class=\"elementor-container elementor-column-gap-default\">\n\t\t\t\t\t<div class=\"elementor-column elementor-col-100 elementor-top-column elementor-element elementor-element-c9bd883\" data-id=\"c9bd883\" data-element_type=\"column\">\n\t\t\t<div class=\"elementor-widget-wrap elementor-element-populated\">\n\t\t\t\t\t\t\t\t<div class=\"elementor-element elementor-element-05b3766 elementor-widget elementor-widget-text-editor\" data-id=\"05b3766\" data-element_type=\"widget\" data-widget_type=\"text-editor.default\">\n\t\t\t\t<div class=\"elementor-widget-container\">\n\t\t\t<style>\/*! elementor - v3.5.5 - 03-02-2022 *\/\n.elementor-widget-text-editor.elementor-drop-cap-view-stacked .elementor-drop-cap{background-color:#818a91;color:#fff}.elementor-widget-text-editor.elementor-drop-cap-view-framed .elementor-drop-cap{color:#818a91;border:3px solid;background-color:transparent}.elementor-widget-text-editor:not(.elementor-drop-cap-view-default) .elementor-drop-cap{margin-top:8px}.elementor-widget-text-editor:not(.elementor-drop-cap-view-default) .elementor-drop-cap-letter{width:1em;height:1em}.elementor-widget-text-editor .elementor-drop-cap{float:left;text-align:center;line-height:1;font-size:50px}.elementor-widget-text-editor .elementor-drop-cap-letter{display:inline-block}<\/style>\t\t\t\t<h3 style=\"text-align: center;\"><strong>Stage de Cirque<\/strong><\/h3>\t\t\t\t\t\t<\/div>\n\t\t\t\t<\/div>\n\t\t\t\t\t<\/div>\n\t\t<\/div>\n\t\t\t\t\t\t\t<\/div>\n\t\t<\/section>\n\t\t\t\t<section class=\"elementor-section elementor-top-section elementor-element elementor-element-6b07730 elementor-section-boxed elementor-section-height-default elementor-section-height-default\" data-id=\"6b07730\" data-element_type=\"section\">\n\t\t\t\t\t\t<div class=\"elementor-container elementor-column-gap-default\">\n\t\t\t\t\t<div class=\"elementor-column elementor-col-100 elementor-top-column elementor-element elementor-element-0496369\" data-id=\"0496369\" data-element_type=\"column\">\n\t\t\t<div class=\"elementor-widget-wrap elementor-element-populated\">\n\t\t\t\t\t\t\t\t<div class=\"elementor-element elementor-element-da56ee1 elementor-widget elementor-widget-image\" data-id=\"da56ee1\" data-element_type=\"widget\" data-widget_type=\"image.default\">\n\t\t\t\t<div class=\"elementor-widget-container\">\n\t\t\t<style>\/*! elementor - v3.5.5 - 03-02-2022 *\/\n.elementor-widget-image{text-align:center}.elementor-widget-image a{display:inline-block}.elementor-widget-image a img[src$=\".svg\"]{width:48px}.elementor-widget-image img{vertical-align:middle;display:inline-block}<\/style>\t\t\t\t\t\t\t\t\t\t\t\t<img loading=\"lazy\" decoding=\"async\" width=\"580\" height=\"435\" src=\"http:\/\/fracas.lescigales.org\/wp-content\/uploads\/2023\/09\/4B939ED5-7FB2-4D14-9D88-CD6093566EED_1_105_c.jpeg\" class=\"attachment-large size-large\" alt=\"\" srcset=\"http:\/\/fracas.lescigales.org\/wp-content\/uploads\/2023\/09\/4B939ED5-7FB2-4D14-9D88-CD6093566EED_1_105_c.jpeg 1024w, http:\/\/fracas.lescigales.org\/wp-content\/uploads\/2023\/09\/4B939ED5-7FB2-4D14-9D88-CD6093566EED_1_105_c-300x225.jpeg 300w, http:\/\/fracas.lescigales.org\/wp-content\/uploads\/2023\/09\/4B939ED5-7FB2-4D14-9D88-CD6093566EED_1_105_c-768x576.jpeg 768w\" sizes=\"(max-width: 580px) 100vw, 580px\" \/>\t\t\t\t\t\t\t\t\t\t\t\t\t\t\t<\/div>\n\t\t\t\t<\/div>\n\t\t\t\t\t<\/div>\n\t\t<\/div>\n\t\t\t\t\t\t\t<\/div>\n\t\t<\/section>\n\t\t\t\t<section class=\"elementor-section elementor-top-section elementor-element elementor-element-535f58c elementor-section-stretched elementor-section-boxed elementor-section-height-default elementor-section-height-default\" data-id=\"535f58c\" data-element_type=\"section\" data-settings=\"{&quot;stretch_section&quot;:&quot;section-stretched&quot;}\">\n\t\t\t\t\t\t<div class=\"elementor-container elementor-column-gap-default\">\n\t\t\t\t\t<div class=\"elementor-column elementor-col-100 elementor-top-column elementor-element elementor-element-ac23e38\" data-id=\"ac23e38\" data-element_type=\"column\">\n\t\t\t<div class=\"elementor-widget-wrap elementor-element-populated\">\n\t\t\t\t\t\t\t\t<div class=\"elementor-element elementor-element-cd6ce6a elementor-widget elementor-widget-text-editor\" data-id=\"cd6ce6a\" data-element_type=\"widget\" data-widget_type=\"text-editor.default\">\n\t\t\t\t<div class=\"elementor-widget-container\">\n\t\t\t\t\t\t\t<p style=\"text-align: center;\">Le prochain stage de cirque avec <a href=\"https:\/\/www.facebook.com\/profile.php?id=61555829005088\" target=\"_blank\" rel=\"noopener\"><strong>l&rsquo;\u00e9cole de cirque Sa\u00efmiri <\/strong><\/a>!<\/p><p>Il se d\u00e9roulera du 12 au 16 ao\u00fbt 2024 au Foyer dans le village des Essards (16210).<\/p><p><strong>Enfants<\/strong> \/ 5-8 ans :\u00a0 10h30-12h00 (50\u20ac la semaine) &#8211; Toute\u00a0 discipline<\/p><p><strong>Pr\u00e9-ados<\/strong> \/ 9-14 ans : 14h30-16h30 (65\u20ac la semaine) &#8211; Toute discipline<\/p><p><strong>Ados-Adultes<\/strong> \/ 15 ans et + : 17h00-19h00 (15\u20ac la s\u00e9ance \/ 65\u20ac la semaine) &#8211; Sp\u00e9cial a\u00e9rien<\/p><p>Pour plus d&rsquo;information, <a href=\"https:\/\/fracas.lescigales.org\/?page_id=7\">contactez-nous<\/a> ou appelez Cynthia, intervenante, au 06.66.86.27.42<\/p>\t\t\t\t\t\t<\/div>\n\t\t\t\t<\/div>\n\t\t\t\t\t<\/div>\n\t\t<\/div>\n\t\t\t\t\t\t\t<\/div>\n\t\t<\/section>\n\t\t\t\t\t\t<\/div>\n\t\t\t\t\t<\/div>\n\t\t","protected":false},"excerpt":{"rendered":"<p>Stage de Cirque Le prochain stage de cirque avec l&rsquo;\u00e9cole de cirque Sa\u00efmiri ! Il se d\u00e9roulera du 12 au 16 ao\u00fbt 2024 au Foyer dans le village des Essards (16210). Enfants \/ 5-8 ans :\u00a0 10h30-12h00 (50\u20ac la semaine) &#8211; Toute\u00a0 discipline Pr\u00e9-ados \/ 9-14 ans : 14h30-16h30 (65\u20ac la semaine) &#8211; Toute discipline [&hellip;]<\/p>\n","protected":false},"author":2,"featured_media":0,"parent":0,"menu_order":0,"comment_status":"closed","ping_status":"closed","template":"","meta":{"footnotes":""},"_links":{"self":[{"href":"http:\/\/fracas.lescigales.org\/index.php?rest_route=\/wp\/v2\/pages\/417"}],"collection":[{"href":"http:\/\/fracas.lescigales.org\/index.php?rest_route=\/wp\/v2\/pages"}],"about":[{"href":"http:\/\/fracas.lescigales.org\/index.php?rest_route=\/wp\/v2\/types\/page"}],"author":[{"embeddable":true,"href":"http:\/\/fracas.lescigales.org\/index.php?rest_route=\/wp\/v2\/users\/2"}],"replies":[{"embeddable":true,"href":"http:\/\/fracas.lescigales.org\/index.php?rest_route=%2Fwp%2Fv2%2Fcomments&post=417"}],"version-history":[{"count":46,"href":"http:\/\/fracas.lescigales.org\/index.php?rest_route=\/wp\/v2\/pages\/417\/revisions"}],"predecessor-version":[{"id":577,"href":"http:\/\/fracas.lescigales.org\/index.php?rest_route=\/wp\/v2\/pages\/417\/revisions\/577"}],"wp:attachment":[{"href":"http:\/\/fracas.lescigales.org\/index.php?rest_route=%2Fwp%2Fv2%2Fmedia&parent=417"}],"curies":[{"name":"wp","href":"https:\/\/api.w.org\/{rel}","templated":true}]}}